e 7.
-54464422
What is 122201101201 (base 3) in base 5?
42130001
110101100000100010 (base 2) to base 8
654042
-23c714 (base 15) to base 11
-a6a878
Convert -233863 (base 10) to base 4.
-321012013
-5676a29 (base 11) to base 7
-150311264
What is -112220021111 (base 3) in base 8?
-1074614
What is -680271 (base 14) in base 10?
-3534763
What is 320354333 (base 6) in base 8?
25363121
b93445 (base 12) to base 2
1011001011001110110101
What is -18c5c6 (base 13) in base 2?
-10011001000111010000
Convert 65b48c (base 16) to base 8.
31332214
Convert -2504250 (base 6) to base 8.
-404046
a2c98 (base 15) to base 7
4245626
1242113404 (base 5) to base 16
2f0872
Convert 5287a (base 12) to base 8.
323536
What is -25245 (base 11) in base 7?
-210423
What is -644252 (base 7) in base 12?
-54955
e5bccd (base 15) to base 13
235654c
What is 4385c5 (base 15) in base 9?
6043745
Convert -6227253 (base 10) to base 12.
-2103899
What is 279872 (base 11) in base 12?
1912bb
Convert -475561 (base 11) to base 10.
-754018
Convert -11115 (base 16) to base 12.
-34559
Convert -3412135 (base 6) to base 16.
-2a33b
What is 566610 (base 7) in base 8?
304700
Convert 201022122002001 (base 3) to base 12.
3531877
What is -111111010010000110 (base 2) in base 9?
-434506
1621198 (base 12) to base 13
c245c9
-110222221 (base 3) to base 16
-2503
Convert -2110121231 (base 4) to base 9.
-1125732
-4e6684 (base 16) to base 15
-6b75bc
Convert 214202223 (base 5) to base 2.
11100010101010110110
-215218 (base 10) to base 7
-1554313
What is 3020031 (base 5) in base 8?
136015
Convert 32125040 (base 6) to base 10.
944592
Convert -ba19 (base 13) to base 6.
-315451
Convert -2001872 (base 12) to base 6.
-332021422
Convert -20011053 (base 6) to base 2.
-10001001000100001001
Convert 632103 (base 8) to base 2.
110011010001000011
What is -222434213 (base 6) in base 12?
-1432969
-445031 (base 6) to base 8
-111013
Convert -79627 (base 11) to base 15.
-24216
Convert -101301213 (base 4) to base 7.
-422160
Convert -1014032033 (base 5) to base 3.
-10221111000200
-100122220011 (base 3) to base 7
-1421332
Convert -21146426 (base 7) to base 6.
-102234512
231214523 (base 6) to base 12
1517443
222035 (base 6) to base 7
105140
-494268 (base 10) to base 8
-1705274
What is -2d938e (base 15) in base 7?
-24524330
What is 661870 (base 10) in base 14?
1332c6
Convert -53730 (base 8) to base 2.
-101011111011000
Convert 44a323 (base 11) to base 10.
716466
What is 713801 (base 11) in base 13?
312099
Convert -20340424 (base 5) to base 14.
-45451
What is -401102 (base 9) in base 8?
-716720
Convert -611770 (base 8) to base 4.
-301033320
-215130 (base 6) to base 4
-10120332
Convert -152a5c (base 13) to base 8.
-1770103
Convert -3a8a81b (base 12) to base 16.
-b17817
-17089 (base 15) to base 13
-27b16
What is 35b5b1 (base 12) in base 5?
210320122
What is 101320011232 (base 4) in base 2?
10001111000000101101110
4b41bc (base 15) to base 12
1260159
What is -54455255 (base 7) in base 10?
-4669397
Convert 51bd7c (base 14) to base 10.
2760378
Convert 12251 (base 13) to base 3.
1200202112
Convert -1056878 (base 11) to base 7.
-21520452
20432252 (base 7) to base 13
483c47
What is 23543 (base 16) in base 7?
1141613
11002201111 (base 3) to base 4
103231030
Convert -10111101101111 (base 2) to base 13.
-56b1
Convert 36213 (base 7) to base 13.
4359
-133a4d (base 14) to base 16
-a1f25
What is 20021221221 (base 3) in base 14?
33221
Convert -22142321 (base 7) to base 16.
-1d238b
Convert 163ea (base 16) to base 12.
4488a
Convert 96473c (base 13) to base 7.
41642132
What is 56867 (base 9) in base 2?
1001010000000000
What is -176a9c (base 16) in base 7?
-16021053
-112302221 (base 5) to base 6
-14531354
-17087d3 (base 15) to base 3
-1011111020010200
9611153 (base 10) to base 5
4430024103
Convert 10101100011110101101100 (base 2) to base 8.
25436554
Convert 33416356 (base 8) to base 15.
9782b1
What is -29957d (base 16) in base 2?
-1010011001010101111101
Convert -34463302 (base 7) to base 16.
-2e24a5
What is -311e1 (base 15) in base 10?
-155686
35258 (base 12) to base 11
49551
Convert 1313223 (base 10) to base 9.
2421356
Convert -27067c (base 14) to base 13.
-381778
-340323 (base 5) to base 8
-27273
-a474a (base 15) to base 6
-15101511
Convert -83343 (base 11) to base 9.
-204634
13555610 (base 7) to base 15
1a299b
What is -3444410 (base 6) in base 9?
-300146
Convert -200012 (base 3) to base 16.
-1eb
Convert 133b45 (base 15) to base 11.
581173
What is -1022232022 (base 4) in base 12?
-12914a
Convert -87b7fb (base 16) to base 2.
-100001111011011111111011
Convert -22442203 (base 5) to base 4.
-301200303
1572555 (base 8) to base 9
764516
What is -34590 (base 11) in base 9?
-75461
What is -1101000000110000110110 (base 2) in base 4?
-31000300312
What is -31322300221 (base 4) in base 2?
-1101111010110000101001
What is -309a420 (base 11) in base 5?
-2344212033
5341005 (base 6) to base 13
9234b
What is 33096 (base 10) in base 9?
50353
-6326ab (base 13) to base 14
-445182
4410232 (base 5) to base 2
10010011110101100
Convert ce8853 (base 15) to base 4.
211210310100
What is 6b0417 (base 14) in base 15?
4c18a0
Convert -22222331000 (base 4) to base 8.
-12527500
-62372 (base 10) to base 14
-18a32
Convert -2171b9b (base 13) to base 5.
-10104312042
5340525 (base 6) to base 9
438338
What is 6487670 (base 9) in base 16?
352566
-27404 (base 16) to base 6
-3240152
-14432343 (base 6) to base 2
-1111010100101100111
Convert -5502787 (base 10) to base 2.
-10100111111011101000011
Convert -1078506 (base 9) to base 12.
-2418a3
What is 5831b (base 12) in base 15?
24e3e
Convert -5361624 (base 7) to base 13.
-19b729
Convert -b811 (base 15) to base 2.
-1001100000011101
What is 1525455 (base 6) in base 13?
318bc
Convert 2542534 (base 9) to base 13.
396c9a
What is -2a7521 (base 12) in base 15?
-e2a7a
What is 10511b7 (base 12) in base 7?
35164426
What is 1010344022 (base 5) in base 3?
10211211100021
Convert 734129 (base 11) to base 13.
322809
Convert -322241434 (base 5) to base 3.
-2120112001100
Convert -131102010331 (base 4) to base 11.
-4373293
-1154b2 (base 15) to base 2
-11001010001000100110
-426b8 (base 12) to base 10
-87404
What is -1400703 (base 8) in base 11?
-24984a
What is -311dc3 (base 16) in base 2?
-1100010001110111000011
What is -247a8c (base 14) in base 11?
-784663
-135e4b (base 16) to base 9
-2344158
What is 1530234 (base 6) in base 12?
4397a
Convert 716274 (base 8) to base 15.
4a222
What is 10110110010100010 (base 2) in base 9?
152037
Convert 765a84 (base 11) to base 10.
1223160
What is 101111010000011001111 (base 2) in base 10?
1548495
Convert -4212432 (base 7) to base 2.
-1111011111001111100
What is 14441412 (base 5) in base 10?
155857
Convert -136142 (base 10) to base 14.
-37886
What is 11222000222010 (base 3) in base 6?
132314003
Convert 780416 (base 9) to base 13.
134253
-5094924 (base 10) to base 11
-296a98a
Convert -341a030 (base 11) to base 12.
-200875b
5a94ba (base 13) to base 12
883671
15b9029 (base 12) to base 11
2586284
What is -20fa5e (base 16) in base 6?
-114153434
-203b40 (base 15) to base 9
-2783626
What is a2505 (base 11) in base 5?
14242212
25ababc (base 13) to base 8
55061211
Convert -b3c87 (base 15) to base 5.
-121213302
Convert 5417246 (base 9) to base 4.
23011102311
Convert 12233123012 (base 4) to base 16.
1af6c6
-11001102210 (base 3) to base 10
-79779
a7aac (base 13) to base 12
1272b1
Convert -2a7034 (base 11) to base 16.
-74aaa
Convert -25231371 (base 8) to base 14.
-a54bb3
What is 313410342 (base 5) in base 6?
44025133
What is -1221110202 (base 3) in base 5?
-2211002
What is -1404cd (base 15) in base 11?
-5a8546
-7660506 (base 8) to base 13
-570099
d62e (base 15) to base 4
23003111
Convert -1100110011011110 (base 2) to base 4.
-30303132
Convert -2120300442 (base 5) to base 12.
-15b2652
-9925a9 (base 11) to base 8
-6026746
-1c5fcf (base 16) to base 10
-1859535
-90825a7 (base 11) to base 10
-16064561
What is 11010110101010101 (base 2) in base 10?
109909
What is 233331330 (base 4) in base 14?
51860
Convert 32b77 (base 15) to base 8.
472674
Convert 110412a (base 12) to base 5.
1312220111
Convert -1101220201 (base 4) to base 13.
-b9269
Convert -1100132333 (base 4) to base 11.
-205754
10010211102 (base 3) to base 14
18773
-120323122 (base 4) to base 13
-37624
